y s.
4
Let i(c) = -c**3 + 13*c**2 + 17*c - 28. Calculate the remainder when 24 is divided by i(14).
10
Let i(s) = 10*s - 66. Calculate the remainder when i(20) is divided by 34.
32
Suppose -3*g + 3 = 3*u, g = -0*g - 3*u + 3. Suppose g = -3*t - 2*t + 110. What is the remainder when 64 is divided by t?
20
Let x = 180 - 80. Calculate the remainder when x is divided by 35.
30
Suppose -1 = -5*g + 34. Calculate the remainder when (2 - 1) + 11 + 7 is divided by g.
5
Suppose t + v = 6*v + 8, 2*v = 5*t - 63. Let r(q) = -2*q - 9. Let h be r(-13). Let m = h - -21. Calculate the remainder when m is divided by t.
12
Suppose -3*j + 2*m = -36 - 10, j - m - 17 = 0. Let y = 0 + j. Let g = 20 + 14. Calculate the remainder when g is divided by y.
10
Calculate the remainder when 32 is divided by 1*4*(-2 + 5).
8
Let d(t) = t**2 + 6*t + 1. Let k(v) = 24*v**2 - v. Calculate the remainder when k(1) is divided by d(-7).
7
Suppose 5*l + 345 = 5*q, -3 = -2*l - 5. Calculate the remainder when q is divided by 23.
22
Let b(p) = -p**2 - 16*p - 6. What is the remainder when b(-11) is divided by 13?
10
Let z(d) = -d + 0*d + 4*d. Calculate the remainder when 15 is divided by z(3).
6
Suppose 14 = 3*m - g - 4*g, -8 = -4*g. What is the remainder when 7*(-9)/(-4 - -1) is divided by m?
5
Let z(d) = -2 - 4*d**2 - 5*d - d**3 + 0*d**3 - 3. Suppose 129 = 3*f - 0*f. What is the remainder when f is divided by z(-4)?
13
Let q(a) = a**2 + 10*a + 12. Calculate the remainder when 10 is divided by q(-9).
1
Suppose -39 = -v - 0*v. Suppose -b = 20 - 30. What is the remainder when v is divided by b?
9
Suppose -3*p - k = -7*p - 23, -10 = p + 4*k. Let j = 82 - 59. Calculate the remainder when j is divided by p/(-15) + (-174)/(-15).
11
Let l = 4 - 6. Let p = 16 - l. Suppose 21 = x - 31. Calculate the remainder when x is divided by p.
16
Suppose -s - 2*s = -9. Let c be 2/2*(5 + -1). Suppose 4*d + c = s*b, 10 = -b + 6*b - 5*d. Calculate the remainder when 5 is divided by b.
1
Suppose 11*m = 3*m + 176. Let i = -11 - -19. What is the remainder when m is divided by i?
6
Suppose 10*h = 5*h + 10. Suppose h*j = -0*j + 54. What is the remainder when j is divided by 10?
7
Let p(i) = i**3 + 8*i**2 + 7*i + 2. Let v be p(-7). Suppose 0 = -v*t + d - 68, -2*t - 34 = -t + 4*d. Calculate the remainder when 32 is divided by t/2*(-2 + 1).
15
Let h = -2 + 4. Suppose 3*x = 0, 3*s - 4*s - 4*x - 3 = 0. Let j = 6 + s. Calculate the remainder when j is divided by h.
1
Let r be ((-3)/9)/((-1)/3). Let i(a) be the first derivative of 3*a**4 - 2*a**3/3 + a**2/2 - 1. What is the remainder when 21 is divided by i(r)?
10
Suppose 0 = 4*d - 0*d - 12. Suppose 0*r - d*r + 21 = 0. Calculate the remainder when 34 is divided by r.
6
Let w(s) = -3*s. Let j(m) = -1. Let l(x) = 3*j(x) + w(x). Calculate the remainder when 17 + ((-2)/2 - 0) is divided by l(-3).
4
Let i(z) = 5*z + 1. Let p(o) = -24*o - 6. Let f(r) = 11*i(r) + 2*p(r). Let l = 12 - 3. Calculate the remainder when l is divided by f(1).
3
Let w(x) = -3*x**2 - 13*x. Let i(a) = a + 5. Let r be i(-5). Suppose r*t = 4*t - 24. Calculate the remainder when t is divided by w(-4).
2
Let v be (10/(-15))/((-4)/54). Let l = 0 + v. Calculate the remainder when 43 is divided by l.
7
Let k(v) = 10*v**2 + 49*v**2 + 2 - 3 - v. Calculate the remainder when k(-1) is divided by 20.
19
Let o = 26 + -12. Calculate the remainder when o is divided by 4.
2
Let w = 19 - 11. Suppose 3*y - w = -y. What is the remainder when 0 - (-5 + (-1)/(-1)) is divided by y?
0
Calculate the remainder when 50 is divided by -6*160/(-36) - 7/(-21).
23
Suppose 2*r - 7 = 21. Calculate the remainder when 138 is divided by r.
12
Let w = -131 - -68. Let t = -35 - w. What is the remainder when t is divided by 10?
8
Let a be (1 - (-3)/(-6))*-4. What is the remainder when 21 is divided by 6/2 - (a - 1)?
3
Suppose x = 3*g + 12, -3*x - 3*g - 12 = -0*g. Suppose -n + 30 = 3*n - 3*d, x = -4*n - 5*d + 14. Calculate the remainder when n is divided by 4.
2
Suppose 3*o + 2*b + 55 = 4*o, 0 = -3*o + b + 165. Calculate the remainder when o is divided by 28.
27
Suppose -5 - 25 = -3*o. Suppose -2*c - o = -7*c. Calculate the remainder when 4 is divided by c.
0
Suppose 24*v - 20*v = 48. Suppose 5*g - g = -z + 18, 4*z - 3*g - 148 = 0. What is the remainder when z is divided by v?
10
Suppose -2 = -z - 3*z + 2*d, 0 = 3*z - 5*d - 19. Let b = 1 - z. Suppose b*s + 6 = -3*l, -5*s + 26 = -2*s - 5*l. Calculate the remainder when 6 is divided by s.
0
Let m(r) = -7*r - 121. Let j(u) = -u - 5. Let c(v) = -v**2 - 1. Let w(s) = -c(s) + j(s). What is the remainder when w(-3) is divided by m(-18)?
3
Let y(j) = 3*j**2 + j + 2. Let a(z) = 13*z**2 + 4*z + 8. Let d(o) = -2*a(o) + 9*y(o). Calculate the remainder when 54 is divided by d(-4).
12
Let r = -1 + 6. Suppose r*u + 16 = 56. Suppose -2 = -5*l + 68. What is the remainder when l is divided by u?
6
Suppose -p + 3*r + 19 = -2, 3*r = 5*p - 81. Let h = 16 + -9. Suppose -u = -p - h. Calculate the remainder when u is divided by 8.
6
Calculate the remainder when ((-108)/2 + -3)*(-4)/6 is divided by 20.
18
Let z(q) = 3*q**2 - 8*q - 30. What is the remainder when z(9) is divided by 24?
21
Calculate the remainder when 3 is divided by (-1)/(-2 + -1 - 2/(-1)).
0
Let o(n) = -2*n + 2. Let p(y) = 3*y - 1. Let q(j) = -4*o(j) - 3*p(j). Let b be q(-5). Suppose d - 13 - 3 = b. What is the remainder when d is divided by 9?
7
Let p(o) = -o**3 + 8*o**2 + o - 6. Suppose -7*f + 6*f = -15. Calculate the remainder when p(5) is divided by f.
14
Let q(o) = o**2 - 7*o + 12. Calculate the remainder when q(-8) is divided by 34.
30
Suppose i - 2*i = -13. What is the remainder when 49 is divided by i?
10
Let o be 2/4 + 18/(-4). What is the remainder when 68 is divided by (-140)/(-6) + o/12?
22
Let a(i) = 2 - 1 + i**3 + 11*i**2 - i - 3. Let b(l) = -l - 16. Let d be b(-5). Calculate the remainder when 16 is divided by a(d).
7
Let j(h) = h**3 + 4*h**2 + h + 2. Let f be j(-4). Let u = f - -48. Let o = 69 - u. What is the remainder when o is divided by 8?
7
Let w = 26 - 19. What is the remainder when w is divided by 4?
3
Suppose 2*s + 2*s - 104 = 0. Suppose -4*b = -23 - 5. Calculate the remainder when s is divided by b.
5
Suppose -32 - 58 = -5*w. Suppose -5*g = 2*j - w, 3*j + 24 = -j + 5*g. Let r = j + 7. Calculate the remainder when 17 is divided by r.
5
Let f(w) = -22*w**2 + 2*w - 2. Let x(g) = -110*g**2 + 11*g - 11. Let r(u) = -11*f(u) + 2*x(u). Calculate the remainder when 42 is divided by r(1).
20
Suppose -4*d = -3 - 9. Suppose 4*c = -b + 26 - 5, -4 = -4*b. Suppose -212 = -5*t - d*f, -c*t + t - f = -164. What is the remainder when t is divided by 14?
12
Let j(s) = -3*s**3 - s**2 + 2*s - 1. Let g be j(1). Suppose -55 - 2 = 3*z. Calculate the remainder when g/(3/z)*1 is divided by 10.
9
Let i be (-8)/6*90/(-4). Suppose b = 4*b - i. What is the remainder when 28 is divided by b?
8
Calculate the remainder when 77 is divided by ((-13)/2)/((-3)/6).
12
Suppose q = 1 - 0. Let z = 1 + q. What is the remainder when 4 is divided by z?
0
Suppose 0 = 2*n - 1 - 9. Suppose -94 = -7*w + n*w. Calculate the remainder when w is divided by ((-48)/(-15))/((-1)/(-5)).
15
Let o(j) = 9*j**2 - 3*j + 4. Calculate the remainder when o(-3) is divided by 24.
22
Suppose -144 = -4*r + 5*c, r + 2*c = 4*c + 39. What is the remainder when r is divided by 18?
13
Let t(k) = -2*k**2 - 12*k - 5. What is the remainder when 130 is divided by t(-4)?
9
Suppose 5*k + 36 = 3*a, 2*a - 7 - 12 = 5*k. Calculate the remainder when 50 is divided by a.
16
Let w = -2 + 0. Suppose -2*g + 25 = -3*m, 4*m = -3*g + 8*g - 45. Calculate the remainder when g is divided by 1/(0 - w/6).
2
Let i = -5 - -4. Let a = -5 - i. Let d(n) = -2*n. Calculate the remainder when 15 is divided by d(a).
7
Suppose -5 = s, 92 + 58 = 5*a + 3*s. What is the remainder when a is divided by 17?
16
Suppose 0 = -4*t + 124 + 28. Calculate the remainder when 110 is divided by t.
34
Suppose 0 = 5*r - 47 - 58. Calculate the remainder when 39 is divided by r.
18
What is the remainder when (-8)/(-10) + (-286)/(-5) is divided by 30?
28
What is the remainder when (3/3)/((-3)/(-99)) is divided by 6?
3
Let a(l) = 2 - 4 - 13*l + 4 + 4. What is the remainder when a(-5) is divided by 18?
17
Let l = 8 - 6. Suppose -3*w + 20 = l*w. Let z 